3. List the prime factors of (-22)/(-3)*(-6)/g.
11
Let i(z) = 4*z + 2. What are the prime factors of i(15)?
2, 31
Let p(h) = -3*h - 7. Let y(z) = 3*z + 7. Let g(o) = 3*p(o) + 2*y(o). Let a be g(-5). Let d = -3 + a. What are the prime factors of d?
5
Suppose o - 200 = 5*r, -3*r + 75 = -o + 197. Let p = r + 68. List the prime factors of p.
29
List the prime factors of 3 + 3 + (56 - 4).
2, 29
Let i(o) = -6*o - 20. List the prime factors of i(-11).
2, 23
Let z(a) = a**2 + 5*a + 6. Let x be z(-5). What are the prime factors of (-1330)/(-42) - 4/x?
31
Let c(m) = -27*m - 1. Let j be c(-3). Suppose 0 = -2*p - 3*p + j. What are the prime factors of p?
2
Let g(q) = -5*q - 1. Suppose -b = 2*b - 2*s + 7, 0 = -2*b + s - 4. List the prime factors of g(b).
2
Let f = 16 + -10. Let b = -12 + f. List the prime factors of 4/(b/((-9)/3)).
2
Let o be 9/6*(5 - 3). Let p(c) = c**3 - 3*c**2 + 3*c - 3. What are the prime factors of p(o)?
2, 3
Let t(b) = -b**2 + 8*b + 3. Let i be (16/3)/(4/6). Let d be t(i). Let q(z) = -z**3 + 2*z**2 + 5*z - 2. What are the prime factors of q(d)?
2
Suppose 4*p - 4 = -4*l, 0 = -7*l + 2*l + 2*p + 12. List the prime factors of -4 + 5 - (-8 + l).
7
Suppose g + 3*g = 0. Suppose 4*s + 12 + 4 = g. Let h(u) = -u**2 - 4*u + 4. List the prime factors of h(s).
2
Suppose -43 = -4*c + 5*t, -22 = -4*c + 4*t - 6*t. Suppose 0 = -q + c - 3. List the prime factors of q.
2
Suppose -l + 4*l = -93. Let m = l + 44. List the prime factors of m.
13
Let g be -9*(-4)/6*-1. What are the prime factors of ((-3)/(-2))/(g/(-36))?
3
Suppose 21*f - 44 = 20*f. What are the prime factors of f?
2, 11
Let h(r) = -3*r + 1. Let m be ((-1)/1)/(1/(-10)). Let i = 6 - m. What are the prime factors of h(i)?
13
Suppose -4 = -2*a, 4*a - 2*a + 888 = 4*l. List the prime factors of l.
223
Let k(t) = 17*t + 16. Let n(g) = 6*g + 5. Let b(a) = -4*k(a) + 11*n(a). What are the prime factors of b(-8)?
7
Let v(c) = -c**2 - 15*c - 16. What are the prime factors of v(-13)?
2, 5
Let x be ((-12)/10)/((-9)/1230). Suppose 0 = -5*t + x - 14. List the prime factors of t.
2, 3, 5
Let r = -259 - -416. What are the prime factors of r?
157
Suppose 3*h - 10 - 5 = 0. Suppose 7*n - 24 = h*n. What are the prime factors of n?
2, 3
Suppose -79*t + 77*t + 38 = 0. List the prime factors of t.
19
Suppose 4*a + 8 = 4*g, 6*a - 3*a = 2*g - 5. Suppose -g = 3*m + 2. Let k(v) = -2*v**3 + v**2 - 1. What are the prime factors of k(m)?
2
Let q = -1 - -13. Suppose -g - 2*g - m = -q, g + m = 4. What are the prime factors of g?
2
Let h = -81 - -204. List the prime factors of h.
3, 41
Suppose -3*h - 26 = 5*v, 2*v = -h - v - 14. What are the prime factors of 2*(h + 13/2)?
3
Let j(a) = -4 + 2 + 3*a + a. Let c be j(-4). List the prime factors of (2/6)/((-2)/c).
3
Let p(a) = 4*a**2 - 4*a - 4. Let o be p(-3). Suppose -5*h + o + 211 = 0. List the prime factors of h.
3, 17
Suppose 0 = -4*h + 9*h - 290. Suppose 0 = 4*i - 18 - h. List the prime factors of i.
19
Suppose 4 = -4*b - 16. Let c be 2/4*(-3 - b). Suppose -c = -g + 5. What are the prime factors of g?
2, 3
Suppose 11*i = 7*i + 200. List the prime factors of i.
2, 5
Let y(s) = 3*s**2 + 2*s - 4. List the prime factors of y(3).
29
Let b(x) = x + 4. Let w be b(0). Suppose 0 = -2*p + 4 + w. What are the prime factors of p?
2
Suppose -125 = -k - 4*k. Suppose -4*q - k = 4*h - 97, 88 = 5*q + 4*h. List the prime factors of q.
2
Let w = 13 - 8. Suppose -4*v + j - 7 = -55, 2*v = -w*j + 2. List the prime factors of v.
11
Let p = 159 + -94. Suppose 4*r - p = -r. What are the prime factors of r?
13
Suppose 3*l = -0*l - 9, -3*w - 4*l = -63. List the prime factors of w.
5
Suppose 4*s + 26 = 3*y, -s + 1 - 6 = 0. Suppose -73 = -2*v - 5*r, v + y*v - r - 118 = 0. List the prime factors of v.
3, 13
Suppose 45 = 2*h + h - 2*z, -2*z = -6. What are the prime factors of h?
17
Let l = 2 + -1. What are the prime factors of (-6 + 5)*(-11 + l)?
2, 5
Let x = 0 + 2. Suppose 12 = x*n - 0. What are the prime factors of n?
2, 3
Let c be 5/(-20) + 1/4. Suppose 5*v - 51 = -2*t - c*t, 5*t - 33 = -2*v. Suppose 3 + v = 2*s. What are the prime factors of s?
2, 3
What are the prime factors of 2/(-3) + (-4511)/(-39)?
5, 23
Let r = -3 - -6. Suppose -a + 12 = -r. List the prime factors of a.
3, 5
Suppose 2*s = -0*y - y + 12, -s + 56 = 3*y. What are the prime factors of y?
2, 5
Suppose 50 = 4*w - 5*b, 2*w + 4*b = 3*w - 18. Let k(r) = -r - 1. Let c be k(-4). Suppose -o = -c*o + w. What are the prime factors of o?
5
Suppose -102 - 78 = -5*k. What are the prime factors of k?
2, 3
Let o(f) = -f - 7. Suppose 0 = k - 3*k - 10. Let h be o(k). List the prime factors of -3 + (15 - h/(-2)).
11
Let g = 29 - 8. What are the prime factors of g?
3, 7
Let b be ((-144)/56)/((-6)/56). Let r = b + 76. Suppose -6*y + y + r = 0. List the prime factors of y.
2, 5
Suppose -c + 7 = 2*x, -3*x + 4*x = -c + 4. Let n be -2 - ((-6)/x - 0). Suppose -2*q + 2*j + 0*j + 26 = n, 0 = -4*q + 5*j + 57. List the prime factors of q.
2
Let n(f) = f - 11. Let w be n(0). Let k = w - -7. Let t(j) = -3*j. What are the prime factors of t(k)?
2, 3
Suppose 7*g + 18 = 4*g. Let r be (1 - (g + -1))/(-1). What are the prime factors of (-2)/r + 141/12?
2, 3
Let j be 2 + (2 - -3) + -3. Suppose -j*o + 3*u - 2*u = -15, 5*o = u + 19. Suppose 5*y = o*w + 13, -4*w - 11 = -w - 4*y. List the prime factors of w.
3
Let d(j) = -j**2 + 11*j + 6. Let i be d(7). Let f = 52 - i. List the prime factors of f.
2, 3
Suppose -2*i + 2*b + 10 + 0 = 0, 0 = i + b + 5. Suppose i = y - 2*y. Suppose y*s = -2*s + 20. What are the prime factors of s?
2, 5
Suppose 3*w - 4 = -1. Let c = w + -4. Let o = 20 + c. What are the prime factors of o?
17
Let f = 3 - 1. Suppose -3*m - 13 = f. Let k = 4 - m. List the prime factors of k.
3
Let h(o) = -o + 4. Let s be h(0). Suppose 82 = s*j + 14. Let l = j - 6. What are the prime factors of l?
11
Let l be 6*(-3)/12*-82. Suppose -x + 4*x = l. List the prime factors of x.
41
Let a(u) = 18*u**2 - 2*u + 1. Let y be a(1). Let w = y - 0. List the prime factors of w.
17
Suppose 5*j - 15 = -0*j. Suppose -4*m = 0, 4*t = -m - 5 - j. List the prime factors of (t - 1)*(-12)/9.
2
Let c(n) be the first derivative of -n**3/3 + 13*n**2/2 - 9*n - 2. Let o be c(7). Suppose 3*i = -0*i + o. List the prime factors of i.
11
Suppose 5*f = -2*x + 14, -x - 5*f = 2*x - 11. Let u be x/(-9) - (-74)/(-6). What are the prime factors of 4/u + 31/3?
2, 5
Suppose 5*d = 6*d. Let m = d + 2. What are the prime factors of m?
2
List the prime factors of (((-468)/(-8))/1*6)/1.
3, 13
Let c(d) = 5*d**2 + 3*d - 2. Let g be c(-3). Let m = -17 - 7. Let f = m + g. List the prime factors of f.
2, 5
Let p be ((3 - 1) + -1)*6. Suppose p*i - 12 = 2*i. Suppose 1 = i*c - 5. List the prime factors of c.
2
Suppose 12 = 4*t - 4. Suppose 0 = -2*r + t*r - 6. List the prime factors of (r + 1)/(-4 + 5).
2
Let k(z) = z**3 + 12*z**2 + 10*z. Let q be k(-10). Suppose 5*r = 5*y - q, -2*y = 3*y - 3*r - 108. List the prime factors of y.
2, 3
Let m = -11 - -6. Let o be (8 - -12)/((-4)/6). What are the prime factors of 18*(o/9)/m?
2, 3
Let u = 257 - 148. What are the prime factors of u?
109
Suppose 3*s + 16 = 3*t + t, 5*t = 2*s + 20. Suppose -o = t*o. Suppose -3*y = -o*y - 15. What are the prime factors of y?
5
Suppose 0 = l - 4*l - 21. Let i(w) = w**2 + 6*w + 1. List the prime factors of i(l).
2
Suppose -2*i - 3*p = -26, 5*i - 26 = -p + 52. What are the prime factors of i?
2
Let j(l) = l**3 - 4*l**2 + 5*l - 2. Let x be j(3). Suppose -2*k - 6 = -4*h - h, -h = x*k - 10. List the prime factors of k*(2 + 0) + -1.
3
What are the prime factors of (-4)/(-22) + (-5435)/(-55)?
3, 11
Suppose 5*b - 5*s + 15 = 0, -3*b - 1 = 2*s - 2. Let m(c) = -13*c**3 - 1. What are the prime factors of m(b)?
2, 3
Let j = -24 + 57. What are the prime factors of j?
3, 11
Let i be 1/(-6)*-4*6. Suppose 2*s - 32 = -2*d, -2*s + i = d - 6*d. What are the prime factors of s?
2, 3
Let j(a) = -11*a + 1. Let u be j(-1). Suppose -3*i = -u, -w - i = w - 32. What are the prime factors of w?
2, 7
Let u(c) be the third derivative of c**6/120 - c**5/20 + c**3/6 - c**2. Let p be (3 + -1)/((-2)/(-4))*1. List the prime factors of u(p).
17
Suppose 4*l - 4*k - 44 = -12, 0 = -2*l - 5*k - 12. What are the prime factors of l?
2
Let b be 10/8 + (-2)/8. Let t = 0 - b. What ar